uppose -2*m = 4*j - 40, m = -4*j - 4*m + 52. Calculate the remainder when n is divided by j.
5
Let o be (-24)/40 - (-18)/5. Suppose -j + 3*j + 2*f = 78, 122 = o*j + 2*f. Calculate the remainder when j is divided by 16.
12
Let a(h) = -2*h + 70. Let f be a(0). Let d = -40 + f. What is the remainder when 58 is divided by d?
28
Let k(v) = -v + 2. Let w be k(2). Let r(j) = -j**3 + j**2 + j + 444. Let m be r(w). What is the remainder when m/18 + 1/3 is divided by 7?
4
Let v(w) = 2*w**2 + 7*w - 20. Calculate the remainder when v(6) is divided by -60*-3*4/30.
22
Suppose 110*t - 105*t - 10 = 0. Suppose 0 = -4*y + t*w + 96 - 14, -3*y = 4*w - 67. Let u = 71 - 31. Calculate the remainder when u is divided by y.
19
Suppose 0 = 11*f - 3*f - 144. What is the remainder when 32 is divided by f?
14
Suppose -4*m + 5*z = -121, z = m - z - 31. Suppose -6*g = 5 - m. Calculate the remainder when g is divided by 4.
0
Calculate the remainder when 2*1*12/3 is divided by (0 - 8/(-18))/(14/63).
0
Suppose 788 = 7*b - 339. What is the remainder when b is divided by 156?
5
Suppose -10*s - 226 = -606. Calculate the remainder when 72 is divided by s.
34
Suppose 0 = 8*h - 6*h - 4. Suppose 0 = -4*q - 5*g - 16, 5*q + 11 = h*g - 6*g. What is the remainder when 1 is divided by q?
0
Calculate the remainder when 5 - (-190)/6*3 is divided by 8.
4
Suppose 3*r = -f + 6*r + 14, 4*r = 4. Calculate the remainder when 55 is divided by f.
4
Suppose 10*w = 2285 - 545. Calculate the remainder when w is divided by 25.
24
Suppose 32*l - 120 = 1288. What is the remainder when l is divided by 23?
21
Suppose 305*f = 318*f - 1157. What is the remainder when f is divided by 33?
23
Let g = 5 + 20. Calculate the remainder when (-3441)/124*8/(-3) is divided by g.
24
Let t(x) be the third derivative of -x**6/120 + x**5/12 + x**4/3 + 5*x**3/6 - x**2. Calculate the remainder when 48 is divided by t(6).
14
Let r be -4 + 5 + 0 - 0 - 9. Let l be (-2)/3*1*33. What is the remainder when 38 is divided by (l/r - 0)*4?
5
Let c be (-2)/8 + 38/(-8). Let g = c - -35. Suppose 3*z + v - 8 = g, -v - 58 = -5*z. What is the remainder when 33 is divided by z?
9
Suppose 3*k + 113 = 749. Calculate the remainder when k is divided by 54.
50
Suppose -o - 2*o - 1605 = -3*s, -4*s = 3*o - 2112. Calculate the remainder when s is divided by 19.
18
Let u = 4052 + -4026. What is the remainder when u is divided by (-4)/10 - (-204)/10?
6
Let t = 142 + -110. What is the remainder when t is divided by 12?
8
Let p(h) be the third derivative of h**5/30 + 3*h**4/8 - 3*h**3 + 13*h**2. What is the remainder when p(5) is divided by 13?
12
Let m = -8 - -15. Let j(b) = b**3 + 16*b**2 + 27*b - 11. Calculate the remainder when m is divided by j(-14).
1
Let j(s) = -15*s**3 - 4*s**2 - s - 22. What is the remainder when j(-4) is divided by 22?
20
Let l(k) = 2*k**3 - k**2 - 6*k - 10. Calculate the remainder when 67 is divided by l(3).
16
Let t(n) = n + 1. Let y(i) = 51*i - 3. Let k(c) = -4*t(c) + y(c). What is the remainder when k(3) is divided by (-2)/(-3 + 5) - -35?
32
Let s = -2807 - -2827. Calculate the remainder when 173 is divided by s.
13
Suppose -2*u = 4*y - 124, -u + 2*y - 43 = -125. Suppose 28 = 4*j - u. What is the remainder when j is divided by ((-2)/(-4))/((-4)/(-72))?
7
Let b = 134 + -125. Calculate the remainder when b is divided by 5.
4
Let i = -79 - -188. What is the remainder when i is divided by 24?
13
What is the remainder when 2/(-7) + 933/7 is divided by ((-768)/896)/(4/(-126))?
25
Suppose -3*v - 154 = -5*t, 44*t - 41*t - 3*v = 96. Calculate the remainder when 288 is divided by t.
27
Let i(r) = r**2 + 13*r + 47. Calculate the remainder when 222 is divided by i(-11).
22
What is the remainder when 151 is divided by (-8)/28 + 20*(-25)/(-35)?
11
Let l be ((-15)/25)/((-1)/5). Suppose 3*g + p - 3*p = 21, l*g + 5*p - 42 = 0. Calculate the remainder when 24 is divided by g.
6
What is the remainder when ((-11178)/115)/(2/(-5)) is divided by 89?
65
Let w = 34 + -24. Let o = w + 3. Let i(h) = -h**3 + 6*h**2 + h + 1. Calculate the remainder when o is divided by i(6).
6
Let c(o) = 5*o**2 - 68*o - 14. Calculate the remainder when 1173 is divided by c(14).
11
Let d(f) = f. Let p be d(3). Let g = p - 1. Suppose 0 = -g*z + 3 + 19. Calculate the remainder when 31 is divided by z.
9
Let i(f) = f**3 + 20*f**2 + 18*f - 16. Suppose -3*z - 67 = 4*a, -z + 3*z - 6 = 0. Suppose m - 44 = -3*m. What is the remainder when m is divided by i(a)?
2
Suppose 3*t + l - 21 = 10, -3*t + 26 = 2*l. Let c(n) = -6*n - 17 - 6*n + 12*n**2 + n**3 + 0*n**3 - 5*n. Calculate the remainder when c(-13) is divided by t.
11
Let s = -346 + 388. What is the remainder when 209 is divided by s?
41
Suppose 2*z - 92 = -3*s, s - 7 = 4*z + 19. Suppose -5*f - 4*j + 63 = -s, -3*j = f - 23. Suppose -4*v = -0*v - 36. What is the remainder when f is divided by v?
8
Let c(p) = 34*p - 7. Let f be c(-2). Let y = 139 - f. What is the remainder when y is divided by 31?
28
Let d(a) = -4*a + 241. Calculate the remainder when d(16) is divided by 27.
15
Suppose -4*s - 3*j + 67 = 0, -5*j - 7 = 2*s - 30. What is the remainder when s is divided by 8?
3
Let j be 496 - (1 + 0 + -1)*1. What is the remainder when 92 is divided by (j/48)/(2/6)?
30
Let j = 46 - 23. Let p = 730 + -724. What is the remainder when j is divided by p?
5
Suppose -75*m = -90*m + 3060. Calculate the remainder when m is divided by 54.
42
Let t(g) = 11*g**2 + g. What is the remainder when t(1) is divided by 8?
4
Suppose -d = 2*d - 126. Suppose 3*n - 3*a = 2*n + 35, -a + 166 = 4*n. Suppose -3*f = 8 - n. What is the remainder when d is divided by f?
9
Let h(i) = -4*i**2 - 49*i. What is the remainder when 62 is divided by h(-12)?
2
Suppose 0 = -5*w - 0*w + 20. Suppose 0*f + 2*f - u = 56, -w*f + 4*u + 112 = 0. What is the remainder when 108 is divided by f?
24
Suppose -11*c + 1561 = -4*c. Suppose w + 37 = 5*l - c, 5*w = -2*l + 104. Suppose -3*z = -z - l. What is the remainder when 101 is divided by z?
23
Let w(x) = x**3 + 12*x**2 + 5*x - 20. Let p(z) = 2*z**3 + 24*z**2 + 11*z - 41. Let i(h) = 4*p(h) - 9*w(h). Calculate the remainder when i(-12) is divided by 15.
13
Calculate the remainder when (31/1)/(2/8) is divided by 119.
5
Calculate the remainder when 87 is divided by (62/14 - 3)*7.
7
Let x = -127 - -130. Suppose 3*c = -5*g + 49, 0 = -x*g + 3*c + 26 + 13. What is the remainder when 2/4*(1 + 81) is divided by g?
8
Suppose 3*o - 4*s = 20 + 13, s = o - 10. Calculate the remainder when 180 is divided by o.
5
Let b be -5 + 3 - (-200)/(-2). Let r be b/(-18) + (-2)/3. What is the remainder when r/10 - 181/(-2) is divided by 23?
22
Let k(n) = -2*n**3 - 17*n**2 - 33*n + 16. What is the remainder when k(-7) is divided by 63?
37
Let m(l) = -l**2 + 17*l - 14. Let k be (-5 + 2 + -12)*-15. Suppose -4*u = -6*n + 5*n - 441, 2*u = 5*n + k. Calculate the remainder when u is divided by m(14).
26
Suppose 0 = -2*a - 4*z + 182, 4*a - 583 + 159 = 4*z. What is the remainder when a is divided by 21?
17
Suppose 18 = 13*t - 7*t. Calculate the remainder when 5 is divided by t.
2
Let y(d) = 16*d - 298. What is the remainder when 59 is divided by y(19)?
5
Suppose 3*t = 6*t - 189. Let m = -54 - -70. Calculate the remainder when t is divided by m.
15
Let q(x) = x**3 + 15*x**2 + 15*x + 17. Let l be q(-14). Let f(c) = 4*c**3 - 4*c**2 + c - 1. What is the remainder when f(l) is divided by 15?
14
Calculate the remainder when 728 is divided by 28/3 + (-112)/(-42).
8
Let p(h) be the first derivative of -3 - 13/2*h**2 - h. What is the remainder when 21 is divided by p(-1)?
9
Let v(f) = -7*f - f + 3*f**3 - 5 - 2*f**3 + 7*f**2 + 0. What is the remainder when v(-5) is divided by (-2)/(2 - (-92)/(-44))?
19
Suppose 8*z - 11*z + 4*w + 264 = 0, -377 = -4*z - 3*w. What is the remainder when z is divided by 24?
20
Let i be 6 - (-3 - (-3 - 4)). Suppose 2*h - 190 = -i*g - 38, h = -4*g + 295. Calculate the remainder when g is divided by 19.
16
Suppose 136*t - 84 = 130*t. Let y = -89 - -186. What is the remainder when y is divided by t?
13
Let p(c) = 11*c**2 + 17*c + 27. Calculate the remainder when p(-4) is divided by 47.
41
Let m = -1636 + 2227. What is the remainder when m is divided by 23?
16
Suppose -2*s = -s - 3. Suppose -c = q - s, 4*c - 3*q = 3*c - 9. Suppose c = -a - 0*a + 